is (-2 - 3) + (16 - 12)?
-1
What is 2 + 0 + (-7 + -3 - -4)?
-4
Calculate -1 - ((-14 - -4) + 5).
4
11 + -22 + 11 + 5
5
Calculate -4 + 1 - (3 - 1 - 0).
-5
Evaluate 5 + -10 + (-1 - -8).
2
(26 - 19) + -1 + (-2 - -1)
5
-3 + (3 + -7 - -4) + 4
1
Evaluate (-22 - -20) + 0 + -1 - 2.
-5
What is 0 + 12 + 0 + -5?
7
What is (-85 - -93) + (-7 + 1 - -2)?
4
What is the value of 0 - (6 + -5) - (-6 + 1)?
4
What is 6 + -6 + 3 + -4 + 5?
4
Calculate (1 - -2) + 1 + 1 + -3.
2
Evaluate (68 - 76) + -1 + 6 + 0.
-3
What is the value of 6 + (-1 - (-10 - -8))?
7
2 + 1 - (-4 - -2 - -4)
1
Calculate 2 + -3 + -24 + 32.
7
What is the value of -2 + (3 - 1) + 0?
0
Calculate 1 + -2 + -4 - -2.
-3
What is (0 - 9 - (-25 + 22)) + 4?
-2
Evaluate -9 - (-8 + 2 + -4).
1
Calculate 6 + (2 - -1 - (68 + -67)).
8
What is 0 + -1 + (-3 - (-1 + 1))?
-4
What is -5 + (11 - 4) + -2?
0
Evaluate 0 + -1 + (23 - 19) + -10.
-7
What is the value of (-2 - (-10 + 4)) + -8?
-4
Evaluate 2 + 2 + (2 + -6 - -4).
4
What is the value of -11 - (8 + -13) - -7?
1
What is the value of (0 + (1 - 1) - 2) + 4?
2
What is 1 + (2 + -4 - -2) + 0?
1
Evaluate -6 - (6 + -6) - (-3 - 1).
-2
Evaluate -7 - (1 + -4) - -1.
-3
-8 + (18 - 6 - 3) - -10
11
Evaluate (3 + -14 - -23) + -5.
7
Evaluate 0 + 3 - (-5 - -12).
-4
What is the value of -8 - ((-12 - -5) + 5)?
-6
(-1 - -4) + (-6 - 0)
-3
Calculate -1 + (-1 - 1) + 10 - 3.
4
Calculate -3 + 1 + 4 + -1.
1
What is the value of -5 + (-1 + 1 + -1 - 0)?
-6
What is the value of (-6 - -7) + 3 + -2?
2
Calculate -3 - (-6 + (-1 - 3) + 6).
1
What is 4 + 1 + 32 + -45?
-8
Calculate -129 + 132 - (-2 - -10 - 0).
-5
4 + -7 + 4 - (1 + -4)
4
What is the value of 2 + (-2 - 3) - 1?
-4
2 + -2 - (0 + -4) - 9
-5
Calculate -3 - (-5 + -1 + 0 + 4).
-1
Evaluate 2 - (-1 + 5 + 1).
-3
What is the value of (-2 - -7) + (-6 - (-1 + -2))?
2
What is the value of 8 - 5 - (3 - (-5 - 0))?
-5
Calculate -1 + -3 + 10 - 6.
0
Calculate 10 + -6 + (-5 - -3 - 0).
2
Evaluate -5 + 4 + -3 + 1 - -5.
2
Evaluate 4 + 7 + -4 - 7 - 4.
-4
Calculate (-10 - (-1 + 0)) + -2 + 8.
-3
Evaluate (-10 - -3) + (-8 - -4) + 13.
2
Evaluate 4 + (7 - 4 - -2).
9
5 - (7 + 4) - -11
5
What is 7 + -7 + 3 + -6?
-3
What is the value of (2 - (3 - -1)) + 3?
1
(0 - -2) + (-6 - -1)
-3
What is 15 - (5 - -2) - -1?
9
What is the value of 2 + -1 + -7 + 5 - 5?
-6
-16 - (-17 - -2 - (0 + -8))
-9
What is 3 - (0 + 4 - (-1 + -2))?
-4
What is -1 - -4 - (-41 - -50)?
-6
What is 9 + -4 - (9 + -4)?
0
What is -7 + 2 + (4 - -2)?
1
Evaluate -4 + (-1 - (-2 + -2 + 1)).
-2
What is -3 - (-4 - (-2 - 2 - 1))?
-4
What is -2 + (4 - 3) - (-1 + -4)?
4
0 + -1 + 2 + (-6 - -1)
-4
What is the value of 3 + 6 + (4 - 8)?
5
(-2 - -1) + 3 + 1
3
-13 - (-14 - 2) - (0 - 0)
3
What is -1 + (-10 - (-9 - 5))?
3
What is the value of -1 + (-3 - -5 - (6 + -2))?
-3
What is (-2 - -2) + -2 + -2 - -3?
-1
Calculate (136 - 135) + (0 - (-3 + -1)).
5
Calculate (7 - 4) + 6 + -7.
2
Evaluate -1 + 4 + (-10 - -4) + 5.
2
What is -46 - -34 - (-11 - -1)?
-2
Evaluate 9 + -3 + 3 + -14.
-5
What is the value of -6 - (-22 + 8 + 11)?
-3
What is the value of (0 + 5 + -8 - 0) + 4?
1
Calculate 3 - (2 + 4) - -1 - 4.
-6
What is the value of -23 + 23 - (4 + 2 + -1)?
-5
Evaluate (-2 - 1) + 5 - (-7 + 8).
1
What is (0 - 2) + (9 - 10)?
-3
Calculate 9 + -6 - (1 + 0) - -1.
3
What is (1 - -4) + (0 - 12) + 3?
-4
What is (-6 - -1 - -1) + (4 - 3)?
-3
Evaluate -16 - -13 - (-2 - -1 - -3).
-5
Calculate 1 + -3 + (-20 - -23).
1
What is the value of (-5 - (-3 + 3 + -2)) + -2?
-5
0 + 1 + -15 + -124 + 131
-7
Evaluate -8 - (10 + -4 + -9).
-5
(2 - 2 - 4) + 5
1
What is the value of -26 - -33 - (-5 - -3)?
9
What is (-12 - -10) + (-2 - (-1 + 1))?
-4
What is the value of (0 - 7) + (-4 - (-6 + -10))?
5
What is the value of -3 - (-1 + 0) - 1?
-3
Evaluate -1 - 0 - (-2 - -4 - 4).
1
(-14 - -3) + 9 - -8
6
Evaluate -12 + (-4 - (-15 - -4)).
-5
Calculate (11 + -14 - 1) + 0 + 1.
-3
Calculate 1 + 2 + 7 - 5.
5
Evaluate (21 - 25) + -2 + 1.
-5
Evaluate -3 + -2 - (-36 + 37).
-6
What is the value of 7 + (-4 - (1 + -2 - -2))?
2
Evaluate 1 + 6 - -5 - 9.
3
Evaluate (-6 - -3 - -12) + 22 + -25.
6
What is the value of -5 - -3 - (6 + -11)?
3
What is the value of 7 + -13 + -1 - -7 - -5?
5
Evaluate 0 - (2 + -6) - (-21 - -26).
-1
What is (4 - 5) + 2 - -3 - 2?
2
What is 0 + (3 + -3 - 2) + 3?
1
Evaluate 12 + -1 + (98 - 106).
3
Evaluate -2 + (-3 - (3 + -6)) + 1.
-1
What is the value of -4 - (4 - (9 + -3))?
-2
Calculate (-4 + 1 - -4) + -5.
-4
-1 - -1 - (-4 - -1)
3
What is the value of 4 + 10 + -11 + 5?
8
What is the value of 20 - 18 - (1 + 0 + 0)?
1
-2 + 7 - (7 + -3) - 2
-1
What is 3 + (-1 - -1 - (-7 - -10))?
0
What is (0 - 1) + -3 + -2 + 1?
-5
What is 3 - (-4 + -2 + 3)?
6
Evaluate (-3 + 5 - 6 - -3) + 4.
3
(0 - -3) + -1 + (-183 - -187)
6
What is the value of 13 - (7 + (2 - -5))?
-1
What is 4 - (1 + -4 - (-3 - 2))?
2
Calculate -3 + 2 + -10 + 10.
-1
(2 + -4 + -2 - -8) + -8
-4
What is -7 - (13 - (36 + -7))?
9
Calculate 8 + 0 - (4 - 0).
4
-6 + (-4 + -1 - -4)
-7
Calculate (-5 - -5) + 2 + -7 + 0.
-5
What is the value of -10 - -2 - (0 + -5)?
-3
Evaluate -7 - -1 - (-11 - -9).
-4
What is the value of 0 + 1 + 5 - (-34 - -41)?
-1
What is the value of -2 + -5 - (23 + -31)?
1
What is the value of 1 + (-10 - 0) - (-4 + -1)?
-4
What is 7 + -11 + (15 - 8)?
3
What is 6 - (-1 - -2) - (-4 + 14)?
-5
Evaluate 3 + -2 + 0 - 4 - 3.
-6
Evaluate -1 - (-8 + 3 - (4 + -9)).
-1
(-8 - -5) + -2 - -2 - 1
-4
Evaluate -6 - 0 - (13 + -22).
3
Calculate (-188 - -186) + (1 - 1 - -4).
2
What is -4 + (6 - (-7 + 3)) + -14?
-8
Calculate 4 + (-3 - 1) - (3 + 0).
-3
Evaluate 3 + -5 - (2 + -3).
-1
(2 - 4) + 2 + 1
1
What is the value of -4 + -2 - (0 + -1) - -4?
-1
What is the value of (4 - (0 + 5 + -2)) + 2?
3
What is (171 - 168) + (3 - (-1 + 1))?
6
What is 0 - (-1 + 5) - (3 + -2)?
-5
Calculate -32 - -31 - (1 + -3).
1
(0 - -4 - 4) + (0 - 0)
0
-9 + 1 + 5 + 11 + 3
11
Calculate 4 - (-7 + (12 - 6) + 14).
-9
What is -11 - 1 - (1 + -21)?
8
Calculate 3 + (0 - 2) - 4.
-3
Evaluate 0 + (2 - (2 + -2)) + -2.
0
What is (0 - 2) + 17 + -9?
6
Evaluate 1 + 5 - (1 - -1).
4
(8 - 7) + (2 - 1)
2
What is (-3 - -20) + (10 - 20)?
7
-5 + -2 + (3 - 1)
-5
12 - (8 + -5) - 4
5
(11 + -21 - (-9 - -1)) + 3
1
What is (7 - 1) + (6 - (1 + 8))?
3
Calculate 2 - (2 + -2 + 6).
-4
5 + ((-6 - -5) + 6 - 1)
9
What is 6 - 8 - (-4 + -1)?
3
What is the value of -4 + (5 + -1 - 1 - 3)?
-4
What is the value of -1 - (-8 + (3 - 1))?
5
What is -7 - (-10 - (-5 + 0))?
-2
What is the value of (-2 - -17) + (-6 - -2 - 3)?
8
What is 13 + -5 - (-4 - (-1 + -6))?
5
Calculate 2 - (-2 + (5 - (-5 + 6))).
0
What is the value of 0 + 2 - (18 - (-13 + 33))?
4
Evaluate -2 + -3 + 1 - (-4 - -4).
-4
Evaluate 3 - (-1 - -1) - 0 - 1.
2
What is -3 - (-7 + (3 - 4) + 3)?
2
Calculate (-10 + 4 - 9) + 12.
-3
Evaluate 44 + -50 - (-6 - -1).
-1
Evaluate (-5 - (-10 + 0)) + -5.
0
Evaluate -7 + 11 + -2 + -2.
0
Evaluate -6 + 2 + 3 - 1.
-2
What is -8 + -11 + (-2 - -16)?
-5
What is the value of 2 + (6 - (-2 - (-3 + -2)))?
5
Evaluate -3 + -2 + 2 + 1.
-2
What is (-5 - (-1 - (6 - 3))) + 2?
1
(-1 + (0 - 2) - -6) + -4
-1
Evaluate (152 - 149) + 1 + -12 + -1.
-9
What is the value of -3 - -13 - 5 - 7?
-2
What is the value of -5 + -2 + -1 + 5?
-3
2 - (7 - (5 - (-3 + 2)))
1
What is -9 + 30 + -9 + -9?
3
Calculate 6 + -3 - (2 - -4).
-3
Calculate -1 + 1 + (6 - 2).
4
What is the value of -10 + -13 + 9 - -5?
-9
What is the value of -1 + (3 - (5 - 5))?
2
Calculate -3 + 0 + (-124 - -120).
-7
-4 - (-4 + 2) - 2
-4
-3 - -1 - (7 + -9)
0
Evaluate -32 + 31 + (-2 - -2).
-1
-13 + -5 + 12 + 5
-1
What is the value of 4 + (-6 - (-5 + 6))?
-3
What is -3 + (5 - 6) - (-4 + 2)?
-2
1 + -2 + -9 + 1 + 4
-5
What is -4 + (-8 - (-5 + 3)) + 7?
-3
What is the value of 59 + -54 - (-5 - -1)?
9
2 + -6 + 1 + 5
2
What is -1 - (8 - 4 - 1) - -5?
1
Evaluate 1 - (-4 - -2) - 2.
1
Evaluate -4 + 7 + -2 - (0 - 4).
5
What is -3 + (0 - (-5 - -4)) + 2?
0
Evaluate -5 - (1 - (9 + -7)).
-4
Calculate (-3 - -3) + 5 + -4 - 5.
-4
Evaluate 26 + -38 - (0 + -5) - 3.
-10
Evaluate 0 + -5 + 9 + -4 + -1.
-1
Evaluate -27 + 32 - (5 + 0).
0
2 - 1 - (-1 - (-9 + 5))
-2
What is the value of (1 - 3) + (-5 - -1) + 1?
-5
1 - (3 + -3 + -3)
4
What is the value of 0 + 0 - (4 - (-3 - -12))?
5
Calculate 16 + 1 + -10 - 3.
4
-2 + 4 + -2 - 3 - 1
-4
(-12 + 25 - 9) + -1 + -8
-5
Calculate 3 + 2 + -15 + 7.
-3
What i